= -4*u. What is the remainder when 1 + (-3 - u)/(9/1269) is divided by o(-5)?
22
Let t(b) = 23*b**3 - 5*b + 4. Let x be t(1). Suppose -x*o - 180 = -28*o. What is the remainder when 79 is divided by o?
19
Calculate the remainder when 93 is divided by 1224/(-60)*(0 + 30/(-9)).
25
Let l = -232 - -230. Calculate the remainder when 231 is divided by (-28*27)/(-12) - (-6)/l.
51
Suppose 3*o - 209 = -2*c - 2*c, -4*c = -3*o - 191. Suppose -4*s - 6*s = -2*s - 136. What is the remainder when c is divided by s?
16
Suppose 0*i - 526 = -i - 2*o, -4*i = -2*o - 2064. Let v = i - 472. What is the remainder when v is divided by 7?
4
Let o = 13 + 1. Let y(j) be the first derivative of j**4/4 - 13*j**3/3 - 6*j**2 - 10*j + 5. Calculate the remainder when y(o) is divided by 10.
8
Let l = 13 + -7. Let p(x) = -x + 14. Calculate the remainder when (-56 + 58)/((2/(-19))/(-1)) is divided by p(l).
3
Let p(u) = 2*u**3 - 4*u**2 - 4*u - 6. Let r be p(3). Suppose -o - 4*x + 1 + r = 0, x - 16 = -o. Calculate the remainder when (82/4)/(1/4) is divided by o.
19
Let q(v) = v**3 + 17*v**2 + 34*v + 65. Let d be q(-15). Let g(p) = -p**2 - 15*p + 112. Calculate the remainder when 44 is divided by g(d).
8
Suppose -s - d + 9 = 0, -d + 6 = 3. Suppose -2*r + k - 7 = 0, -r - 4*k = -2*k + s. Calculate the remainder when 286/r*(-7 + 5) is divided by 29.
27
Let r = -840 - -923. What is the remainder when 355 is divided by r?
23
Suppose -214*b - 488 = -222*b. Calculate the remainder when 6343 is divided by b.
60
Calculate the remainder when 1117 is divided by 1*(93426/345 + 1*2/10).
33
Let n(y) = 4347*y - 30396. Let t(v) = -46*v**3 - v**2 + v + 1. Calculate the remainder when t(-1) is divided by n(7).
12
Let o(q) = 7*q - 9. Suppose 5*n + w - 121 = 0, 17*n - 11*n - 3*w = 141. What is the remainder when o(8) is divided by n?
23
What is the remainder when 15756*(8 + -13)/(-15)*1 is divided by 71?
69
Let g be (-10)/(-5) + (4 - 5). Let s(m) = -2*m - g - 4 + 10*m - 2. What is the remainder when 80 is divided by s(3)?
12
Suppose 3*j + 0*j = 12. Suppose a - j*u = -26, -2*a + u + 4*u - 37 = 0. Calculate the remainder when a/10 + (1 - 256/(-10)) is divided by 9.
8
Calculate the remainder when 877 is divided by (130/78)/(10/1332) + 4.
199
Suppose -5*p = 2*n - 21, 0*p - 4*p - 3 = -5*n. Suppose -n*t = k + 3*k - 131, -2*t - 76 = -2*k. Calculate the remainder when 135 is divided by k.
30
Let j = 17261 + -16807. Let v = -140 - -205. What is the remainder when j is divided by v?
64
Let g = -13 - -18. Suppose 285*p - 2*d = 290*p - 430, -2*p + 161 = 3*d. What is the remainder when p is divided by g?
3
Let z = -609 - -756. Calculate the remainder when 426 is divided by z.
132
What is the remainder when (-2038)/(-6) + 1/6*(85 + -89) is divided by 111?
6
Let m = -2836 + 3770. What is the remainder when 2807 is divided by m?
5
Let p = 14978 - 14783. What is the remainder when 1753 is divided by p?
193
Let y = -175 + 196. Suppose -y*r + 3774 = 1422. Calculate the remainder when r is divided by 19.
17
Suppose -14*x - 401 = 61. What is the remainder when (-982)/(-6) - 11/x is divided by 14?
10
Suppose -1697*m - 4352 = -1969*m. Calculate the remainder when -1 + -2 + 1 - -28 is divided by m.
10
Suppose 4697 = 11*h + 4334. Calculate the remainder when 1746 is divided by h.
30
Let y(d) = 7*d + 316. What is the remainder when y(-2) is divided by 3?
2
Let p(y) = y**3 + 34*y**2 - 86*y + 33. Let a be p(-36). Let d = a + -118. What is the remainder when d is divided by 20?
19
Let n = -6688 - -6729. Suppose 0 = 5*a - 3*o - 293, 11 + 1 = 3*o. What is the remainder when a is divided by n?
20
Let x(j) = 1671*j**3 + 5*j**2 + 781*j - 1568. What is the remainder when x(2) is divided by 14?
12
Suppose 4*x - 105 = 131. Suppose -56*h = -x*h + 399. Suppose 0 = -0*a + 2*a - 5*o - 88, 2*a - 84 = 4*o. What is the remainder when h is divided by a?
31
Suppose -3*b = -r + 165, 282 = -5*b - 0*r + 4*r. Let c be ((-7)/(-21))/(2/b). What is the remainder when 9 is divided by (-22)/(-14) + c/42*-2?
1
Suppose 147 = -s - 20*s. Suppose w + 0*p - 3*p - 35 = 0, -4*p - 31 = -w. Calculate the remainder when w is divided by 32/48*84/(-3 - s).
5
Let m(g) = -g**3 + 40*g**2 + 44*g - 54. Calculate the remainder when 126 is divided by m(41).
57
Suppose 0 = -9*b - 2*b + 528. Suppose 4*g = -2*v + b, -7*g = 3*v - 10*g - 81. Calculate the remainder when v is divided by 7.
5
Let c = -39 - -602. Suppose -c*h + 96 = -561*h. What is the remainder when h is divided by 36?
12
Suppose 3*k = 89 - 14. Let q = k + -21. Suppose -q*a = -2*y - 96, -2*y - 8 = -0*y. What is the remainder when 85 is divided by a?
19
Suppose -93*x - 28 = -97*x. Suppose 3*d - x = f, 5*f + 46*d - 19 = 43*d. What is the remainder when 11 is divided by f?
1
Let w = -41 - -41. Suppose 2*x - 84 - 390 = w. Calculate the remainder when x is divided by 24.
21
Suppose -12*i - 833 = -1193. Calculate the remainder when 837 is divided by i.
27
Suppose -11*z = -12*z - 256. Let m be (359 + -1)*(-3)/3. Let l = z - m. Calculate the remainder when l is divided by 35.
32
Let g = 3 - 2. Suppose 2*h - n - 18 = 0, 139*n - 2 = -3*h + 143*n. Calculate the remainder when h is divided by 16/(-2)*g/(-1).
6
Suppose 19*t = 8*t + 187. Suppose -154 = -t*x - 5*x. Calculate the remainder when 43 is divided by x.
1
Suppose 2*z = -4*x + 34, -2*z - 2*x = 3*z - 77. Suppose -58*u + 60*u = 0. What is the remainder when (u - -4)/((50/(-95))/(-5)) is divided by z?
8
Suppose 0 = -2*u + 3 + 1. Suppose -u*b = -76 - 90. Suppose -b - 85 = -6*v. Calculate the remainder when 82 is divided by v.
26
Let k(l) = -8*l**2 + 17*l + 5. Let h be k(-6). Let t = h - -391. What is the remainder when (1 - 10)*7/(-3) is divided by t?
3
Let n = -2 - 67. Let o = 81 + n. Suppose 0 = -11*i + o*i - 11. What is the remainder when 63 is divided by i?
8
Calculate the remainder when 181 is divided by (120/(-12) - -9)/(1/(-37)).
33
Let m be (-6)/(-10) + (-1008)/(-45). Let z = m - 9. Let b = -2869 + 2896. Calculate the remainder when b is divided by z.
13
Calculate the remainder when 8/((-64)/20)*274/(-5) is divided by 32.
9
Let n(t) = 7*t + 20. Let f be n(6). Suppose 223*o - 222*o = f. What is the remainder when o is divided by 34?
28
Calculate the remainder when (-2)/(20 - 3 - 16 - 91/89) is divided by 65.
24
Let j(c) = c**3 + 2*c**2 - 9*c - 4. Let v(q) = -q**2 - q. Let k(d) = j(d) - 5*v(d). Let o = -1945 - -2039. Calculate the remainder when o is divided by k(-7).
22
Suppose -12*a + 13*a - 85 = 2*n, 3*n - 21 = 0. What is the remainder when 801 is divided by a?
9
Let w(y) = -3*y + 32. Let h be w(17). Let p = 54 + h. Suppose -3*i + 3*o - p = -8*i, 0 = 2*i - 2*o + 2. What is the remainder when 7 is divided by i?
3
Let y be ((-2)/(-6))/((-150)/36 + 4). Let z(h) = 5*h - 12*h + 5*h + 1 + 22*h**2. What is the remainder when z(y) is divided by 26?
15
Calculate the remainder when 154 is divided by (21/(-12))/(24/(-672)).
7
Let i = 37 - -18. Suppose -5*g + i = 5. Calculate the remainder when g is divided by 10.
0
Let c(p) = 6*p**2 + 16*p - 37. What is the remainder when 93 is divided by c(2)?
17
Let d be (-21)/(-63)*(-1 + 13). Suppose -d*v + 90 = 42. What is the remainder when 41 is divided by v?
5
Suppose -7*q - q = 216. Let n = q + 29. Suppose 3*j = 12, n = -0*k + 3*k - 4*j. Calculate the remainder when k is divided by 4.
2
Let o = 79 + 5. Calculate the remainder when 63*(-19 - (-906)/42) is divided by o.
78
Suppose 90*x - 92*x = -174. Suppose -x = -3*l + 2*p, p = 3*l + 6*p - 66. Calculate the remainder when l is divided by 10.
7
Let x(q) = q**3 + 2*q**2 - 9*q - 15. Let z be x(-5). What is the remainder when (-892)/(-10) - 36/z is divided by 46?
44
Let o(k) = 113*k**2 - 35*k + 250. What is the remainder when o(9) is divided by 45?
43
Let x = -168 + 333. Let s = x + -158. What is the remainder when 18 is divided by s?
4
Let k be 12/56*2 - (-50)/14. Suppose -r - 73 = -k*z, 3*r - 11 = -2. Calculate the remainder when z is divided by (-336)/(-35) - (-4)/10.
9
Let l(r) = -156*r - 1701. Suppose q + 2*q - 5*u = -103, -2*q - 32 = 4*u. Calculate the remainder when 3 - (1 - -2) - q is divided by l(-11).
11
Let h = 211 - 382. Let n = h + 174. Calculate the remainder when (2 + -1)*-3 - -21 is divided by n.
0
Calculate the remainder when ((-12)/27)/((1056/(-166968))/22) is divided 